der when u is divided by -1 + 1 + -3 + 9?
4
Suppose 5*x - 10 = f, 5*x + 0*f = 3*f. Let i = -18 - -16. What is the remainder when ((-8)/(-60) - (-73)/15) + i is divided by x?
0
Suppose 0 = 5*h + 2*a + 2*a - 239, -2*h + 4*a + 118 = 0. Let o = -763 - -790. What is the remainder when h is divided by o?
24
Let f = -34 - -37. Suppose -f*q - 39 = -5*q + 5*t, -76 = -3*q + 4*t. What is the remainder when 124 is divided by q?
28
Let o be (-1)/(-4) - (-176)/64. Suppose 5*p = o*p + 6. Suppose 6*z = p*z + 39. What is the remainder when 36 is divided by z?
10
Let a(s) be the third derivative of -5*s**4/8 + 11*s**3/6 - 14*s**2. What is the remainder when a(-6) is divided by 26?
23
Let u = -22 + 32. Let i(r) = r**2 - 8*r - 7. What is the remainder when 50 is divided by i(u)?
11
Suppose 0 = -q + 2*q + 4*g - 48, -q + 5*g = -12. Suppose -q = -5*i - 2. What is the remainder when ((-40)/(-3))/(2/i) is divided by 11?
7
Let p(n) = -2*n**2 + 6*n - 7. Let g be p(4). Let s = 25 + g. Calculate the remainder when 39 is divided by s.
9
Let c = 696 - 580. What is the remainder when 574 is divided by c?
110
Let i be (-26)/(-10) - (-4)/10. What is the remainder when (i - 2)*(-6)/(-2) is divided by 4*(15/6 - 2)?
1
Suppose 0 = 14*q - 18*q + 704. Suppose -4*n + 5*r = -178, 4*r = 5*n - n - q. Calculate the remainder when 121 is divided by n.
37
Let d(w) = -2*w**3 - 4*w**2 + w - 5. Let g be d(3). Let y = g - -107. What is the remainder when y is divided by 8?
7
Let l(b) = 2*b**2 - 65*b - 397. Calculate the remainder when 181 is divided by l(-6).
51
Let w(v) = -v**2. Let g be w(-1). What is the remainder when (-6)/4*4 + 120 is divided by ((-2)/6)/(g/69)?
22
Suppose 2*v = l - 2*v, -2*v = 4*l - 18. Suppose -l*h + 14 = -3*h. Suppose 17*u = h*u + 54. Calculate the remainder when 88 is divided by u.
16
Let x(b) = -3*b + 1. Suppose 54 = -5*p - 2*m, -6*p - 3*m = -p + 56. Calculate the remainder when x(-8) is divided by 4/p - 2*235/(-50).
7
Let g(m) be the first derivative of m**4/4 - 7*m**3/3 + m**2/2 + 6*m + 11. What is the remainder when 77 is divided by g(7)?
12
Suppose 0*r - 202 = -r - 5*j, 0 = -3*r - 2*j + 632. Calculate the remainder when r is divided by 36.
32
Let p(a) = -3*a. Let m be ((-2)/(-3))/(2/(-9)). What is the remainder when -1*(1 + m + -59) is divided by p(-7)?
19
Let a = 17 + -10. Let d = 12 - a. What is the remainder when 64 is divided by ((-22)/d)/(5/(-25))?
20
Let l(h) be the second derivative of -h**5/20 - h**4/4 + h**2/2 - 5*h. Let d be l(-2). Calculate the remainder when 1 - 9/d - 2 is divided by 1.
0
Let x be (-6)/(-9) + 76*(-4)/(-48). Suppose 0 = -x*t - 14 + 63. Calculate the remainder when 9 is divided by t.
2
Let o(h) = -11 - 12 - h + 10*h - 2*h. Calculate the remainder when (-2 + 87)*6/5 is divided by o(7).
24
Suppose 3*p = 5*b - 0*p - 126, 0 = -3*b + 4*p + 80. What is the remainder when 160 is divided by b?
16
Suppose 0 = 3*l - 652 + 184. Suppose 3*m - 82 = -c - 3*c, -3*c = -5*m + l. What is the remainder when 119 is divided by m?
29
Suppose 0 = -2*g + 37 + 37. Suppose 2*q - 29 = -0*q - y, -3*q + 5*y + g = 0. What is the remainder when q is divided by 5?
4
What is the remainder when 44 is divided by 36 - 0/(-8)*1?
8
Calculate the remainder when 354 is divided by (-2)/4 - (-7 - (-203)/(-14)).
18
Let o(i) = -i**2 + 6*i + 1. Suppose -4*f = -5*u + 71, -u + 5*f = -2 - 8. Suppose 0*j = -j + u. Calculate the remainder when j is divided by o(5).
3
Let z = 29 - 20. Let q(s) = 2*s + 10. Let g be q(-7). Let m = z - g. What is the remainder when m is divided by 4?
1
Suppose -3*j + u = -4*u - 38, 5*j = 2*u + 95. Let b(g) = g**2 + 27. Calculate the remainder when b(6) is divided by j.
0
Let r = -37 + 59. Let c = -17 + r. Suppose 0 = q + 2*a - 3*a - 62, -c*a + 239 = 4*q. Calculate the remainder when q is divided by 16.
13
Let l be 41/(-3) + 10/15. Suppose 0 = -2*k - w + 97, -4*w = 3*k - 0*w - 143. Calculate the remainder when k is divided by (l/2)/(2/(-4)).
10
Let l(a) = -12*a - 330. What is the remainder when 96 is divided by l(-31)?
12
Let u(g) = -g**3 + 17*g**2 - 28*g - 6. What is the remainder when 52 is divided by u(15)?
4
Let m(o) = 4*o**3 - 2*o + 1. Let a be m(1). Suppose a*k = -0*k + 15. Suppose -2*r = -k*r + 51. What is the remainder when r is divided by 9?
8
Suppose 3*x - 5*v - 23 = 0, 40 = 4*x + 3*v - 10. Calculate the remainder when 76 is divided by x.
10
Suppose -3 = -s + l, 5*s - 6*s + 3*l = 3. What is the remainder when (s/(-4))/((-6)/1472*2) is divided by 47?
43
Let x(o) = -2*o**3 - 2*o**2 - 4*o - 32. Calculate the remainder when 314 is divided by x(-3).
10
Suppose 18 = -3*x - 69. Let w = x + 27. Calculate the remainder when (-1 - w)*(3 - -44) is divided by 16.
15
Let a(v) = -362*v + 5. Let i be a(-7). Suppose 649 = -14*m + i. What is the remainder when m is divided by 46?
43
Let q(a) = -5*a - 43. Let m be q(-10). Let t(r) = -r**3 + 9*r**2 - 12*r + 9. Calculate the remainder when t(m) is divided by 14.
9
Let v be -1 + 3/3 + 4. Let a(x) = 2*x**3 - 8*x**2 + 9*x + 2. Calculate the remainder when a(v) is divided by 15.
8
Let w(f) = f + 5. Let u be w(2). Calculate the remainder when (-2)/(-8) - 11/(-4) is divided by (-13 + u - -5) + (-1 - -4).
1
Let w be (-1209)/(-91) - 2/7. Let n = 52 - w. Calculate the remainder when n is divided by (210/(-28))/((-6)/8).
9
Let g(i) = 21*i - 1 + 1 + 13 + 0. What is the remainder when g(6) is divided by 35?
34
Let o = -33 - -37. Suppose -s + 2 = 0, -2*g + o*g = 4*s + 14. Calculate the remainder when 19 is divided by g.
8
Let w = -20 + 40. Calculate the remainder when 20 is divided by w - 10 - (0 - -1)*3.
6
Suppose 29*y + 2894 - 8375 = 0. Calculate the remainder when y is divided by 48.
45
Let a(t) be the first derivative of t**4/4 + 2*t**3/3 + 2*t + 15. Calculate the remainder when 4 is divided by a(-2).
0
Let m = -15 + 23. What is the remainder when 13 is divided by (5 - 3)*m/2?
5
Let k(n) = n**2 + n + 1. Let u(q) = 3*q**2 + 5. Let g(l) = -4*k(l) + u(l). Suppose 0 = 8*j - 7*j - 14. What is the remainder when j is divided by g(-3)?
2
Let y(r) = r**2 + 5*r + 6. Let m be y(-6). Let s(x) = x**2 - 8*x - 5. Calculate the remainder when s(m) is divided by 224/10 + 4/(-10).
21
Let h = 131 - 115. Calculate the remainder when 31 is divided by h.
15
Let j = -960 + 1164. Calculate the remainder when j is divided by 92.
20
Calculate the remainder when 78 is divided by 41 + (-10 + 3 - -11).
33
Suppose -o + 3 = 8. Let h = 1 + o. What is the remainder when 45 is divided by 15/10 + (-42)/h?
9
Let k(g) = 23*g**3 + 2*g**2 - 2*g + 2. Calculate the remainder when k(1) is divided by 7.
4
Calculate the remainder when 96 + -4 + 6 + -11 is divided by 13.
9
Let v = 30 - 28. What is the remainder when 65 is divided by 6/9*51/v?
14
Let s(b) = 2*b**2 + 12*b + 35. Calculate the remainder when s(-12) is divided by 36.
35
Let k(p) be the second derivative of -p**5/5 + p**4/6 + p**3/3 - p**2 - 2*p. What is the remainder when 128 is divided by k(-2)?
26
Let r = 1378 + -1316. Calculate the remainder when 310 is divided by r.
0
Let g = -15 - -30. What is the remainder when (-1400)/(-32) - 3/4 is divided by g?
13
Let z = -340 - -362. Let b = -1 - -6. What is the remainder when z is divided by b?
2
Suppose 2*m + 15 = -3*m. Suppose 12 = -5*p - o, 0*o + o = 3. What is the remainder when (p - -14) + (m - -1) is divided by 6?
3
Suppose 5*w + 198 = 3*b - 93, 2*b + 2*w - 210 = 0. Let v(z) = 2*z**2 + 3. Calculate the remainder when b is divided by v(4).
32
Let u(i) = -i**2 - i + 0*i - 7*i + 3 - i. Calculate the remainder when 3/(1/3 + 0) is divided by u(-9).
0
Calculate the remainder when (89 - -72)*2/2 is divided by 54.
53
Let r(a) = a**3 + 3*a - 3. Let t = -1172 + 1212. What is the remainder when t is divided by r(2)?
7
Let k(q) = -28*q - 303. Calculate the remainder when 149 is divided by k(-11).
4
Suppose -5*d - 11 = -11. Suppose d = -2*c + 4*f + 16, -10 = -2*f - 0*f. What is the remainder when 89 is divided by c?
17
Let d(q) = 5*q + 3*q + 9 - 5*q + 7*q - q**2. Let p = 35 + -30. What is the remainder when d(9) is divided by p?
3
Suppose 3*w + 15 = 45. Let b = 15 + -9. Suppose 0 = -4*a + b + 10. Calculate the remainder when w is divided by a.
2
Let r(l) = -6*l**3 - 19*l**2 - 10*l - 55. Calculate the remainder when r(-6) is divided by 152.
9
Let k = 42 - 20. Let v 